t the prime factors of 7067676.
2, 3, 7, 11, 7649
What are the prime factors of 384335?
5, 7, 79, 139
List the prime factors of 250756.
2, 11, 41, 139
What are the prime factors of 486459?
3, 43, 419
List the prime factors of 329877.
3, 36653
List the prime factors of 14726355.
3, 5, 7, 139, 1009
List the prime factors of 4080504.
2, 3, 170021
What are the prime factors of 4113487?
7, 47, 12503
List the prime factors of 162947.
162947
List the prime factors of 155647.
317, 491
List the prime factors of 118025.
5, 4721
List the prime factors of 2951792.
2, 184487
List the prime factors of 254819.
37, 71, 97
List the prime factors of 365953.
7, 23, 2273
List the prime factors of 2236369.
2236369
What are the prime factors of 408635?
5, 81727
List the prime factors of 1054262.
2, 11, 173, 277
List the prime factors of 220053.
3, 73351
What are the prime factors of 23972703?
3, 17, 31, 59, 257
List the prime factors of 344445.
3, 5, 22963
List the prime factors of 25266373.
11, 41, 463
What are the prime factors of 267896?
2, 33487
List the prime factors of 2481223.
107, 23189
List the prime factors of 1276232.
2, 29, 5501
What are the prime factors of 927357?
3, 47, 6577
List the prime factors of 8505496.
2, 47, 22621
What are the prime factors of 29263125?
3, 5, 15607
List the prime factors of 40087508.
2, 10021877
What are the prime factors of 164121?
3, 227, 241
List the prime factors of 1387016.
2, 281, 617
What are the prime factors of 533680?
2, 5, 7, 953
What are the prime factors of 22156?
2, 29, 191
What are the prime factors of 6845432?
2, 11, 107, 727
List the prime factors of 363054.
2, 3, 60509
What are the prime factors of 1349136?
2, 3, 347
List the prime factors of 284309.
401, 709
What are the prime factors of 16400696?
2, 13, 179, 881
List the prime factors of 174118.
2, 7, 12437
List the prime factors of 403371.
3, 44819
List the prime factors of 2080406.
2, 1040203
What are the prime factors of 109414?
2, 227, 241
What are the prime factors of 4149072?
2, 3, 28813
List the prime factors of 169263.
3, 6269
What are the prime factors of 411938?
2, 59, 3491
What are the prime factors of 87358?
2, 31, 1409
List the prime factors of 5590855.
5, 101, 11071
List the prime factors of 1681580.
2, 5, 83, 1013
List the prime factors of 520319.
17, 127, 241
List the prime factors of 26449.
26449
List the prime factors of 5778463.
2063, 2801
List the prime factors of 872190.
2, 3, 5, 11, 881
What are the prime factors of 32779?
32779
What are the prime factors of 2227985?
5, 445597
List the prime factors of 1278177.
3, 199, 2141
List the prime factors of 370380.
2, 3, 5, 6173
List the prime factors of 101339.
7, 31, 467
What are the prime factors of 1701762?
2, 3, 181, 1567
What are the prime factors of 6279?
3, 7, 13, 23
List the prime factors of 5951443.
103, 57781
List the prime factors of 7099170.
2, 3, 5, 13, 109, 167
What are the prime factors of 106877?
106877
List the prime factors of 140565.
3, 5, 9371
What are the prime factors of 6338800?
2, 5, 13, 23, 53
List the prime factors of 475090.
2, 5, 7, 11, 617
What are the prime factors of 1676250?
2, 3, 5, 149
What are the prime factors of 648103?
739, 877
What are the prime factors of 2030218?
2, 53, 107, 179
What are the prime factors of 56762?
2, 101, 281
What are the prime factors of 22886?
2, 11443
List the prime factors of 136208.
2, 8513
List the prime factors of 4101382.
2, 421, 4871
List the prime factors of 2809816.
2, 59, 5953
List the prime factors of 8212600.
2, 5, 11, 3733
List the prime factors of 1667059.
89, 18731
What are the prime factors of 1314369?
3, 7, 31, 673
List the prime factors of 352737.
3, 7, 11, 509
What are the prime factors of 5847652?
2, 1461913
What are the prime factors of 145081?
59, 2459
What are the prime factors of 3184003?
3184003
What are the prime factors of 530850?
2, 3, 5, 3539
What are the prime factors of 7461078?
2, 3, 179, 6947
List the prime factors of 2058227.
709, 2903
What are the prime factors of 183529?
223, 823
What are the prime factors of 3735447?
3, 1245149
List the prime factors of 1965397.
7, 280771
What are the prime factors of 23466606?
2, 3, 149, 26249
What are the prime factors of 24686830?
2, 5, 7, 29, 12161
List the prime factors of 7632299.
59, 129361
List the prime factors of 4299.
3, 1433
List the prime factors of 6648636.
2, 3, 157, 3529
What are the prime factors of 54626?
2, 11, 13, 191
List the prime factors of 65896.
2, 8237
List the prime factors of 26145.
3, 5, 7, 83
What are the prime factors of 6201331?
29, 43, 4973
List the prime factors of 298283.
298283
What are the prime factors of 2906157?
3, 31, 31249
List the prime factors of 6616691.
349, 18959
What are the prime factors of 439874?
2, 219937
List the prime factors of 382482.
2, 3, 787
List the prime factors of 124490.
2, 5, 59, 211
What are the prime factors of 451871?
7, 64553
List the prime factors of 804465.
3, 5, 59, 101
What are the prime factors of 7514338?
2, 13, 31, 9323
What are the prime factors of 578640?
2, 3, 5, 2411
List the prime factors of 63791.
7, 13, 701
What are the prime factors of 2685863?
463, 5801
List the prime factors of 1757367.
3, 19, 43, 239
List the prime factors of 192201.
3, 64067
What are the prime factors of 927765?
3, 5, 53, 389
What are the prime factors of 37724219?
13, 191, 15193
List the prime factors of 258833.
41, 59, 107
What are the prime factors of 1605343?
73, 21991
List the prime factors of 841400.
2, 5, 7, 601
What are the prime factors of 1583484?
2, 3, 7, 2693
What are the prime factors of 186333?
3, 7, 19, 467
List the prime factors of 8969473.
8969473
List the prime factors of 6440231.
7, 283, 3251
What are the prime factors of 421152?
2, 3, 41, 107
What are the prime factors of 290752?
2, 7, 11, 59
What are the prime factors of 874322?
2, 23, 83, 229
What are the prime factors of 691682?
2, 71, 4871
List the prime factors of 333125.
5, 13, 41
List the prime factors of 21114284.
2, 5278571
What are the prime factors of 441101?
441101
What are the prime factors of 120490?
2, 5, 12049
What are the prime factors of 495704?
2, 11, 43, 131
What are the prime factors of 39714?
2, 3, 6619
List the prime factors of 20456209.
20456209
What are the prime factors of 1743833?
7, 13, 19163
What are the prime factors of 16123908?
2, 3, 521, 2579
What are the prime factors of 444756?
2, 3, 13, 2851
What are the prime factors of 382968?
2, 3, 197
What are the prime factors of 16287007?
11, 83, 17839
List the prime factors of 1937363.
1937363
What are the prime factors of 206321?
19, 10859
List the prime factors of 13432091.
17, 101, 7823
What are the prime factors of 232556?
2, 47, 1237
What are the prime factors of 406049?
7, 19, 43, 71
List the prime factors of 6041146.
2, 307, 9839
What are the prime factors of 6374725?
5, 7, 73, 499
What are the prime factors of 9865187?
9865187
List the prime factors of 235836.
2, 3, 6551
What are the prime factors of 896925?
3, 5, 11959
List the prime factors of 30465604.
2, 13, 585877
List the prime factors of 90802.
2, 83, 547
List the prime factors of 577344.
2, 3, 31, 97
List the prime factors of 6446510.
2, 5, 7, 19, 37, 131
List the prime factors of 1211502.
2, 3, 23, 8779
List the prime factors of 1036208.
2, 64763
List the prime factors of 2785975.
5, 111439
What are the prime factors of 644403?
3, 79, 2719
List the prime factors of 7205934.
2, 3, 1200989
What are the prime factors of 3838767?
3, 337, 3797
What are the prime factors of 76798?
2, 19, 43, 47
List the prime factors of 3581347.
7, 11, 46511
List the prime factors of 331682.
2, 13, 12757
What are the prime factors of 23422374?
2, 3, 1301243
What are the prime factors of 770504?
2, 7, 13759
List the prime factors of 3524180.
2, 5, 11, 83, 193
List the prime factors of 505197.
3, 7, 11
List the prime factors of 988204.
2, 7, 29, 1217
List the prime factors of 32154069.
3, 23, 29, 16069
List the prime factors of 196664.
2, 13, 31, 61
List the prime factors of 1220661.
3, 13, 10433
What are the prime factors of 320842?
2, 59, 2719
List the prime factors of 5404213.
83, 65111
What are the prime factors of 12190148?
2, 3047537
List the prime factors of 655570.
2, 5, 65557
What are the prime factors of 423